{"version":"1.0","provider_name":"CFTC-AFR","provider_url":"https:\/\/www.cftc-afr.fr","author_name":"webcsfv","author_url":"https:\/\/www.cftc-afr.fr\/index.php\/author\/webcsfv\/","title":"Ce qui change au 1er d\u00e9cembre 2016 - CFTC-AFR","type":"rich","width":600,"height":338,"html":"<blockquote class=\"wp-embedded-content\" data-secret=\"OxSCE7zqI0\"><a href=\"https:\/\/www.cftc-afr.fr\/index.php\/2016\/12\/06\/change-1er-decembre-2016\/\">Ce qui change au 1er d\u00e9cembre 2016<\/a><\/blockquote><iframe sandbox=\"allow-scripts\" security=\"restricted\" src=\"https:\/\/www.cftc-afr.fr\/index.php\/2016\/12\/06\/change-1er-decembre-2016\/embed\/#?secret=OxSCE7zqI0\" width=\"600\" height=\"338\" title=\"\u00ab\u00a0Ce qui change au 1er d\u00e9cembre 2016\u00a0\u00bb &#8212; CFTC-AFR\" data-secret=\"OxSCE7zqI0\" frameborder=\"0\" marginwidth=\"0\" marginheight=\"0\" scrolling=\"no\" class=\"wp-embedded-content\"><\/iframe><script type=\"text\/javascript\">\n\/* <![CDATA[ *\/\n\/*! This file is auto-generated *\/\n!function(d,l){\"use strict\";l.querySelector&&d.addEventListener&&\"undefined\"!=typeof URL&&(d.wp=d.wp||{},d.wp.receiveEmbedMessage||(d.wp.receiveEmbedMessage=function(e){var t=e.data;if((t||t.secret||t.message||t.value)&&!\/[^a-zA-Z0-9]\/.test(t.secret)){for(var s,r,n,a=l.querySelectorAll('iframe[data-secret=\"'+t.secret+'\"]'),o=l.querySelectorAll('blockquote[data-secret=\"'+t.secret+'\"]'),c=new RegExp(\"^https?:$\",\"i\"),i=0;i<o.length;i++)o[i].style.display=\"none\";for(i=0;i<a.length;i++)s=a[i],e.source===s.contentWindow&&(s.removeAttribute(\"style\"),\"height\"===t.message?(1e3<(r=parseInt(t.value,10))?r=1e3:~~r<200&&(r=200),s.height=r):\"link\"===t.message&&(r=new URL(s.getAttribute(\"src\")),n=new URL(t.value),c.test(n.protocol))&&n.host===r.host&&l.activeElement===s&&(d.top.location.href=t.value))}},d.addEventListener(\"message\",d.wp.receiveEmbedMessage,!1),l.addEventListener(\"DOMContentLoaded\",function(){for(var e,t,s=l.querySelectorAll(\"iframe.wp-embedded-content\"),r=0;r<s.length;r++)(t=(e=s[r]).getAttribute(\"data-secret\"))||(t=Math.random().toString(36).substring(2,12),e.src+=\"#?secret=\"+t,e.setAttribute(\"data-secret\",t)),e.contentWindow.postMessage({message:\"ready\",secret:t},\"*\")},!1)))}(window,document);\n\/* ]]> *\/\n<\/script>\n","thumbnail_url":"https:\/\/www.cftc-afr.fr\/wp-content\/uploads\/2016\/12\/retard-train.jpg","thumbnail_width":230,"thumbnail_height":230,"description":"Bonne nouvelle qui concerne le retard de train : dans le cadre de la mise en place de la \u00ab\u00a0nouvelle garantie ponctualit\u00e9 30 minutes\u00a0\u00bb au 1er d\u00e9cembre, tout retard sera indemnis\u00e9 par la SNCF sur les TGV et les INTERCITES. Cette nouvelle r\u00e8gle s&rsquo;applique donc d\u00e9sormais \u00e0 tout type de retard (y compris ceux dont..."}

Ce qui change au 1er décembre 2016 - CFTC-AFR

<blockquote class="wp-embedded-content" data-secret="OxSCE7zqI0"><a href="https://www.cftc-afr.fr/index.php/2016/12/06/change-1er-decembre-2016/">Ce qui change au 1er décembre 2016</a></blockquote><iframe sandbox="allow-scripts" security="restricted" src="https://www.cftc-afr.fr/index.php/2016/12/06/change-1er-decembre-2016/embed/#?secret=OxSCE7zqI0" width="600" height="338" title="« Ce qui change au 1er décembre 2016 » &#8212; CFTC-AFR" data-secret="OxSCE7zqI0" frameborder="0" marginwidth="0" marginheight="0" scrolling="no" class="wp-embedded-content"></iframe><script type="text/javascript">
/* <![CDATA[ */
/*! This file is auto-generated */
!function(d,l){"use strict";l.querySelector&&d.addEventListener&&"undefined"!=typeof URL&&(d.wp=d.wp||{},d.wp.receiveEmbedMessage||(d.wp.receiveEmbedMessage=function(e){var t=e.data;if((t||t.secret||t.message||t.value)&&!/[^a-zA-Z0-9]/.test(t.secret)){for(var s,r,n,a=l.querySelectorAll('iframe[data-secret="'+t.secret+'"]'),o=l.querySelectorAll('blockquote[data-secret="'+t.secret+'"]'),c=new RegExp("^https?:$","i"),i=0;i<o.length;i++)o[i].style.display="none";for(i=0;i<a.length;i++)s=a[i],e.source===s.contentWindow&&(s.removeAttribute("style"),"height"===t.message?(1e3<(r=parseInt(t.value,10))?r=1e3:~~r<200&&(r=200),s.height=r):"link"===t.message&&(r=new URL(s.getAttribute("src")),n=new URL(t.value),c.test(n.protocol))&&n.host===r.host&&l.activeElement===s&&(d.top.location.href=t.value))}},d.addEventListener("message",d.wp.receiveEmbedMessage,!1),l.addEventListener("DOMContentLoaded",function(){for(var e,t,s=l.querySelectorAll("iframe.wp-embedded-content"),r=0;r<s.length;r++)(t=(e=s[r]).getAttribute("data-secret"))||(t=Math.random().toString(36).substring(2,12),e.src+="#?secret="+t,e.setAttribute("data-secret",t)),e.contentWindow.postMessage({message:"ready",secret:t},"*")},!1)))}(window,document);
/* ]]> */
</script>

Bonne nouvelle qui concerne le retard de train : dans le cadre de la mise en place de la « nouvelle garantie ponctualité 30 minutes » au 1er décembre, tout retard sera indemnisé par la SNCF sur les TGV et les INTERCITES. Cette nouvelle règle s&rsquo;applique donc désormais à tout type de retard (y compris ceux dont...
